) + 2/(-9). Let i = -24 + o. What is the highest common divisor of 132 and i?
12
Let j = 0 + 4. Suppose 5*z - 3*d - 33 + 1 = 0, 0 = -3*z + j*d + 17. Let p = 27 - z. Calculate the highest common factor of 4 and p.
4
Suppose -2 + 4 = 2*y. Let v(r) = r**3 - 2*r**2 + 1. Let u be v(y). Let n = u + 12. Calculate the greatest common factor of 108 and n.
12
Suppose 0 = 2*i + 10 - 46. Let u(d) = 4*d**2 - 2*d. Suppose q = 5*q - 20. Let z be u(q). What is the highest common divisor of i and z?
18
Let f(z) = z**3 + 12*z**2 + 10*z - 7. Let x be f(-11). Suppose -2*o + 32 = -x. Calculate the highest common factor of 27 and o.
9
Let h(t) = t**3 - 3*t**2 + 3. Let d be h(3). Suppose 6*c - d = 5*c. Calculate the highest common divisor of 15 and c.
3
Let w = 52 - 34. What is the greatest common divisor of w and 54?
18
Let t = 0 + 3. Let g(z) = -2*z**3 - 6*z**2 - 5*z - 5. Let k be g(-5). Suppose -6*b = -b - k. What is the greatest common divisor of b and t?
3
Let h(m) = -10*m - 10. Let o be h(-5). Calculate the greatest common factor of 8 and o.
8
Let p be 14*39/(-6)*-1. What is the greatest common factor of p and 13?
13
Let p = -22 + 35. Suppose 0 = 2*d - 121 + 3. Let v = 58 + d. Calculate the greatest common divisor of v and p.
13
Let k(o) = -22*o + 4. Let q(u) = 43*u - 7. Let b(s) = 7*k(s) + 4*q(s). Let f be b(4). What is the greatest common factor of 9 and f?
9
Let q(o) = -o**2 + 13. Let f be q(0). Let w = -4 - -13. Let z = w + f. Calculate the highest common factor of 2 and z.
2
Let p be 1*0/(1/(-1)). Let t be ((-2)/4 + p)*-6. Suppose 5*c + 17 = t*h, -c + 4*c - 6 = 0. What is the greatest common factor of 18 and h?
9
Let a = -23 + 39. Let r(g) = -g**2 - 5*g. Let j be r(-6). Let i = 2 - j. What is the highest common factor of a and i?
8
Let l = 70 + -49. What is the highest common divisor of 14 and l?
7
Let h = 377 - 370. Let t be ((-14)/(-4))/(1/18). What is the highest common factor of t and h?
7
Let n(h) = 2*h**2 - 7*h + 6. Let l be n(4). Calculate the highest common divisor of 80 and l.
10
Suppose 361 = 3*p + 5*k, 3*k - 2*k + 232 = 2*p. Calculate the greatest common factor of p and 13.
13
Let w = 291 - 496. Let h = -133 - w. What is the greatest common factor of 18 and h?
18
Let j be 15 + (2*-3 - -4). Calculate the highest common divisor of 13 and j.
13
Let r = 52 - 47. What is the highest common factor of 155 and r?
5
Let d = 3 + -3. Suppose d = 2*s + 3*s - 25. What is the greatest common divisor of 5 and s?
5
Suppose 0 = -12*w + 17*w - 90. Calculate the highest common divisor of 63 and w.
9
Suppose 3*u = u + 240. Let n = 6 + 0. Suppose -n*m + m = -75. What is the greatest common factor of m and u?
15
Let v = -7 + 6. Let u be 2 + v/(-1) - 1. Suppose 2*n + 22 + 2 = 2*g, -g = u*n. What is the highest common divisor of g and 64?
8
Suppose -28 = -3*o + 71. Suppose r - 1 = 2. What is the highest common factor of o and r?
3
Let z(x) = -x**3 - 4*x**2 + 3*x - 5. Let k be z(-5). Let w(a) = -13*a - 1. Let r be w(-2). Calculate the highest common divisor of r and k.
5
Let n(c) = c**3 + c**2 + 4. Let x be n(0). Suppose 0*z - z - 249 = -x*w, 78 = w + 5*z. Suppose -u = -3*u + 18. Calculate the highest common divisor of w and u.
9
Let o = -11 - -17. Suppose 4*w - 6 = 3*w. What is the highest common divisor of o and w?
6
Suppose w - 2 = 5. Let i(n) = 10*n - 15. Let m be i(8). Suppose 2*o + m = 3*l, 5*l + 5*o - 59 = 41. Calculate the highest common divisor of w and l.
7
Let c = -5 + 10. Calculate the greatest common divisor of 5 and c.
5
Let t be 2 + 0 - (1 + -3). Suppose 0 = 5*m - 15, -5*z + 0*z = t*m - 37. What is the greatest common factor of z and 40?
5
Suppose 3*c - 34 = s, 7*s = 2*s - 5. Let f = c - 7. Calculate the greatest common factor of f and 4.
4
Suppose 20 = 2*k - 5*j, -3*j = -k + 2*j + 20. Suppose -g - 10 - 3 = k. Let o = g + 55. What is the highest common divisor of o and 6?
6
Let r = 47 - 32. What is the greatest common factor of 165 and r?
15
Suppose y = 3*w - 4*y - 91, 5*w - 4*y = 143. Suppose o - 33 = w. What is the greatest common divisor of 20 and o?
20
Let d = 27 - 17. Let l(i) = 20*i**2 - i - 1. Let v be l(-1). Calculate the highest common factor of d and v.
10
Let d be (-4)/10 + (-35)/(-25). What is the highest common factor of 9 and d?
1
Let a = -4 + -122. Let q = -82 - a. Let g = -4 + 15. Calculate the highest common divisor of g and q.
11
Suppose 4*n - 15 = -3. Suppose -v - 36 = -n*v. Calculate the highest common factor of v and 126.
18
Let o(m) = -m**3 + 5*m**2 - 5*m + 4. Let h be o(4). Suppose q = -h*q + 12. Calculate the greatest common factor of 84 and q.
12
Let s = -26 - -4. Let o be s/(-6) - (-2)/6. Calculate the highest common divisor of 20 and o.
4
Let w = 87 - 77. Calculate the highest common factor of 25 and w.
5
Let b = 27 - 13. Let z(k) = k**3 - k**2 + 3*k - 6. Let r be z(3). Calculate the greatest common divisor of r and b.
7
Suppose 136 = 2*w - 104. Suppose -39 - 36 = -5*m. Calculate the greatest common factor of w and m.
15
Suppose -28 - 14 = -7*p. Let u(a) = -5*a**3 + 2*a**2 - 1. Let n be u(-1). What is the greatest common factor of p and n?
6
Let l be ((-12)/16)/(2/8). Let q be l/15*6*-5. What is the highest common divisor of 12 and q?
6
Let q(u) = u**3 - 2*u**2 + 2*u - 1. Let s be q(3). Calculate the greatest common divisor of 28 and s.
14
Let t be 2/(4/522*3). Suppose 2*b + 3*m = t, 0*b - m = b - 44. Let y be 10/b + (-1148)/(-18). Calculate the greatest common factor of y and 8.
8
Let x = 12 - 19. Let q = 15 + x. Calculate the highest common factor of 4 and q.
4
Suppose -4*f = 4, 0*w + 2*w - f = 35. Suppose 2*i - 312 = -2*a, -63 = a - 5*i - 201. What is the highest common factor of a and w?
17
Let p(r) = 86*r**3 - r**2 + r - 1. Let q be p(1). Suppose 2*l + q = s, 2*s + 6*l - 200 = 4*l. Calculate the greatest common divisor of 38 and s.
19
Let f(t) = 3*t**2 - 3*t - 4. Let q be f(6). Suppose -u + 64 = 4*x - x, -4*x = u - q. Calculate the highest common divisor of x and 154.
22
Let h be 1/4 + (-369)/(-12). Suppose i + 1 = 5*w + 38, h = i + w. Suppose -2*l - 2*l = -320. What is the highest common divisor of l and i?
16
Suppose i - 5 = -23. Let g = -6 - i. Let f be 4*-2*6/(-4). What is the greatest common divisor of g and f?
12
Suppose -4*j + x = -3*x - 4, 3*j - 1 = 4*x. Let z be 40 - (0/(-4))/j. What is the greatest common divisor of 8 and z?
8
Suppose 2*c - 2*k = -0*c + 4, k = 0. Suppose j = c*j - 13. Let v(w) = -w**3 + 11*w**2 - 11*w + 2. Let o be v(9). What is the greatest common divisor of o and j?
13
Let k(y) = y**2 + 5*y - 8. Let w be k(-6). Let c be w/3 - 128/(-12). Let m = -8 - -18. Calculate the highest common factor of m and c.
10
Let y(m) = -m**2 - 6*m + 1. Let l be y(-6). Let q be -7 + 7 - (l + -66). Calculate the greatest common factor of q and 13.
13
Suppose -6*s + s - 3*g = -375, -4*s + 283 = -g. Suppose -288 = -3*v - 29*v. Calculate the greatest common divisor of v and s.
9
Let h(s) = -s**2. Let a be h(1). Let q be a*(-1 - -1) + 72. What is the greatest common divisor of q and 8?
8
Suppose 0*a + 24 = 2*a. Let m be 32/a*15/2. What is the greatest common factor of 60 and m?
20
Let o(x) = -x**2 + 6*x - 6. Let r be o(4). Let d(w) = -w - r*w + 2*w - 4. Let y be d(-6). What is the greatest common factor of 2 and y?
2
Suppose 12 = 4*g + 3*f + 1, -2*g + 5*f + 25 = 0. Suppose 0 = -g*m - 3*r + 69, -5*r = -4*m + 7*m - 51. What is the greatest common divisor of 6 and m?
6
Let h be 10/(-25) + (-277)/(-5). Let p(j) = -j**3 - 5*j**2 - j + 6. Let u = -3 + -2. Let w be p(u). What is the greatest common divisor of h and w?
11
Let l = 15 - 1. Calculate the highest common factor of l and 126.
14
Let g be (-34)/10 - 2/(-5). Let y = g - -7. Let f be (y/3)/(2/24). Calculate the greatest common factor of 8 and f.
8
Let h(x) = x**2 - 18*x - 2. Let c be h(8). Let d be c/(-4) - (-2)/(-4). Suppose o = 3*o - d. Calculate the highest common divisor of 20 and o.
10
Suppose -6*z - 51 = -123. Calculate the greatest common divisor of z and 12.
12
Let n be 10/(-45) - (-136)/(-36). Let u = n - -16. Let p(m) = 13*m - 4. Let x be p(4). Calculate the greatest common factor of x and u.
12
Let u(r) = -r**3 + 2*r**2 - 2*r + 19. Let c be u(0). Calculate the highest common divisor of c and 57.
19
Let q(u) = -u**3 - 9*u**2 - 8*u - 3. Let z be q(-8). Let 